 factors of 19102692.
2, 3, 7, 71, 3203
List the prime factors of 34898936.
2, 4362367
List the prime factors of 1057167025.
5, 42286681
List the prime factors of 87544160.
2, 5, 11, 49741
List the prime factors of 16738406.
2, 8369203
What are the prime factors of 318445985?
5, 11, 13, 19, 2131
What are the prime factors of 666695945?
5, 133339189
What are the prime factors of 40139786?
2, 47, 167, 2557
List the prime factors of 60320620.
2, 5, 3016031
What are the prime factors of 49000048?
2, 43, 67, 1063
What are the prime factors of 15302395?
5, 1657, 1847
What are the prime factors of 1232399034?
2, 3, 37, 1093, 1693
What are the prime factors of 32608066?
2, 19, 23, 37309
What are the prime factors of 194347756?
2, 1019, 47681
List the prime factors of 557024364.
2, 3, 13, 132247
What are the prime factors of 118527506?
2, 59263753
List the prime factors of 996005362.
2, 11, 53, 151, 5657
List the prime factors of 46765170.
2, 3, 5, 59, 8807
What are the prime factors of 131151851?
19, 521, 13249
List the prime factors of 60809823.
3, 19, 199, 1787
List the prime factors of 459532191.
3, 257, 596021
What are the prime factors of 316543177?
37, 8555221
What are the prime factors of 2466779167?
8461, 291547
List the prime factors of 116849200.
2, 5, 13, 23, 977
List the prime factors of 43200158.
2, 257, 84047
What are the prime factors of 626498289?
3, 69610921
What are the prime factors of 7188481600?
2, 5, 167, 26903
List the prime factors of 132961797.
3, 109, 45179
List the prime factors of 33081477.
3, 11, 13, 59, 1307
List the prime factors of 2671396962.
2, 3, 13, 23, 569, 2617
What are the prime factors of 51383220?
2, 3, 5, 7, 19, 47, 137
List the prime factors of 914763364.
2, 228690841
What are the prime factors of 2719962869?
13, 209227913
List the prime factors of 13184078.
2, 17, 401, 967
What are the prime factors of 236549853?
3, 1453, 18089
List the prime factors of 42188887.
13, 3245299
What are the prime factors of 450193314?
2, 3, 75032219
What are the prime factors of 629027965?
5, 17, 19, 137, 2843
What are the prime factors of 69324956?
2, 233, 74383
List the prime factors of 128521861.
13, 23, 79, 5441
What are the prime factors of 108789097?
43, 59, 137, 313
What are the prime factors of 65786986?
2, 1049, 31357
List the prime factors of 7423936.
2, 13, 8923
List the prime factors of 19462946.
2, 41, 71, 3343
What are the prime factors of 656287055?
5, 131257411
What are the prime factors of 115625098?
2, 57812549
What are the prime factors of 2028577817?
7, 271, 389, 2749
List the prime factors of 786587.
786587
What are the prime factors of 823172939?
761, 1081699
What are the prime factors of 3465982533?
3, 13, 88871347
What are the prime factors of 77099248?
2, 509, 9467
What are the prime factors of 179963644?
2, 7, 6427273
What are the prime factors of 302116934?
2, 7, 59, 365759
List the prime factors of 3970877545.
5, 19, 311, 134401
What are the prime factors of 2155153801?
17, 443, 286171
List the prime factors of 115387625.
5, 53, 17417
What are the prime factors of 8595199947?
3, 2865066649
List the prime factors of 723186461.
79, 1861, 4919
List the prime factors of 471450024.
2, 3, 2182639
What are the prime factors of 1162925404?
2, 29, 10025219
List the prime factors of 24541308.
2, 3, 11, 29, 2137
What are the prime factors of 76825336?
2, 7, 23, 8521
List the prime factors of 6744466028.
2, 53, 2137, 14887
What are the prime factors of 181107137?
17, 10653361
List the prime factors of 92511729.
3, 37, 277813
What are the prime factors of 832504130?
2, 5, 83250413
What are the prime factors of 79453310?
2, 5, 31, 256301
List the prime factors of 232181465.
5, 67, 693079
List the prime factors of 18978759.
3, 73, 9629
List the prime factors of 1742556.
2, 3, 145213
What are the prime factors of 116430526?
2, 2113, 27551
What are the prime factors of 68646973?
23, 29, 101, 1019
What are the prime factors of 63144307?
17, 313, 11867
What are the prime factors of 447002968?
2, 19, 317, 9277
What are the prime factors of 11192097?
3, 7, 61, 8737
What are the prime factors of 22645752?
2, 3, 29, 32537
List the prime factors of 13178913.
3, 11, 19, 21019
What are the prime factors of 50003845?
5, 10000769
What are the prime factors of 3993850471?
13, 281, 1093307
List the prime factors of 300837949.
16349, 18401
What are the prime factors of 449949005?
5, 11, 73, 112067
What are the prime factors of 157634295?
3, 5, 7, 13, 23, 5021
What are the prime factors of 2339007176?
2, 11, 26579627
What are the prime factors of 52383871?
71, 737801
List the prime factors of 2318400962.
2, 149, 7779869
List the prime factors of 29938729.
1103, 27143
List the prime factors of 250024998.
2, 3, 4093, 10181
What are the prime factors of 168709816?
2, 11, 19, 9173
What are the prime factors of 121788195?
3, 5, 19, 427327
What are the prime factors of 450786980?
2, 5, 7, 1193, 2699
What are the prime factors of 75762616?
2, 29, 326563
List the prime factors of 253520188.
2, 1447, 43801
What are the prime factors of 3205467957?
3, 12821, 83339
List the prime factors of 114817740.
2, 3, 5, 43, 191, 233
List the prime factors of 4693883140.
2, 5, 89, 2637013
What are the prime factors of 4066001598?
2, 3, 1051, 644783
What are the prime factors of 7676363538?
2, 3, 661, 677, 953
What are the prime factors of 2781515242?
2, 11, 126432511
What are the prime factors of 2614779302?
2, 30983, 42197
List the prime factors of 53650872.
2, 3, 11, 67741
What are the prime factors of 3380250599?
11, 307295509
What are the prime factors of 65484185?
5, 13, 277, 3637
What are the prime factors of 39953053?
7, 557, 10247
What are the prime factors of 910357509?
3, 37, 8201419
List the prime factors of 182875010.
2, 5, 18287501
What are the prime factors of 2022061787?
17, 118944811
What are the prime factors of 18454523?
2851, 6473
List the prime factors of 202419501.
3, 41, 59, 27893
List the prime factors of 665929337.
665929337
What are the prime factors of 300694889?
11, 1367, 19997
List the prime factors of 5392091.
131, 41161
What are the prime factors of 99938332?
2, 13, 37, 127, 409
List the prime factors of 16582158.
2, 3, 102359
List the prime factors of 675449892.
2, 3, 13, 109, 13241
What are the prime factors of 163500767?
23, 2437, 2917
What are the prime factors of 66058419?
3, 7, 571, 787
List the prime factors of 3463283681.
11, 13, 1181, 20507
What are the prime factors of 288164593?
97, 2970769
List the prime factors of 48704981.
13, 83, 45139
What are the prime factors of 28944275?
5, 1157771
What are the prime factors of 66142433?
7, 9448919
What are the prime factors of 54235238?
2, 79, 343261
What are the prime factors of 44438051?
7, 17, 7621
List the prime factors of 229743143.
7, 307, 106907
What are the prime factors of 135993013?
13, 17, 19, 139, 233
List the prime factors of 2643108106.
2, 1321554053
List the prime factors of 23008849.
619, 37171
List the prime factors of 47229463.
47229463
List the prime factors of 6428885251.
13499, 476249
What are the prime factors of 94389371?
677, 139423
What are the prime factors of 332762359?
332762359
List the prime factors of 25700033.
25700033
List the prime factors of 247287018.
2, 3, 11, 3746773
List the prime factors of 194177303.
1747, 111149
What are the prime factors of 94818373?
13, 97, 75193
List the prime factors of 21476820.
2, 3, 5, 29, 12343
List the prime factors of 43706259.
3, 587, 8273
What are the prime factors of 704036799?
3, 29, 899153
List the prime factors of 77478756.
2, 3, 6456563
List the prime factors of 325421757.
3, 59, 612847
What are the prime factors of 593073917?
17, 34886701
What are the prime factors of 2791854873?
3, 97, 1171, 2731
List the prime factors of 690709197.
3, 53, 4344083
What are the prime factors of 2985671305?
5, 19, 331, 94949
List the prime factors of 4006947134.
2, 233, 8598599
What are the prime factors of 128287191?
3, 42762397
What are the prime factors of 99713361?
3, 11, 101, 29917
What are the prime factors of 208996114?
2, 491, 212827
What are the prime factors of 96336387?
3, 7, 1529149
What are the prime factors of 58385078?
2, 173, 168743
List the prime factors of 374523409.
13, 2269, 12697
What ar